{"id":112182,"date":"2026-09-02T14:58:31","date_gmt":"2026-09-02T12:58:31","guid":{"rendered":"https:\/\/palazzoducale.genova.it\/?post_type=mostra&#038;p=112182"},"modified":"2026-09-02T14:58:32","modified_gmt":"2026-09-02T12:58:32","slug":"renoir-monet-toulouse-lautrec-cezanne","status":"publish","type":"mostra","link":"https:\/\/palazzoducale.genova.it\/en\/mostra\/renoir-monet-toulouse-lautrec-cezanne\/","title":{"rendered":"Renoir, Monet, Toulouse-Lautrec, C\u00e9zanne"},"content":{"rendered":"\n<div class=\"wp-block-group alignwide py-3\"><div class=\"wp-block-group__inner-container is-layout-constrained wp-block-group-is-layout-constrained\">\n<h2 class=\"wp-block-heading\">200 Years of Art from The Scharf Collection<\/h2>\n\n\n\n<p>The Palazzo Ducale in Genoa announces its upcoming exhibition season: \u201cRenoir, Monet, Toulouse-Lautrec, C\u00e9zanne &#8211; 200 Years of Art from The Scharf Collection,\u201d running from October 16, 2026, to May 2, 2027, will bring over 140 masterpieces to Italy for the first time, from a collection that has long remained private.<\/p>\n\n\n\n<p>Thanks to a collaboration with The Scharf Collection and MondoMostre, the Palazzo Ducale Foundation in Genoa will be able to offer its visitors a journey through two centuries of art history, through a selection of works curated by the director of the Genoese institution, Ilaria Bonacossa: in addition to the masters mentioned in the exhibition\u2019s title, works ranging from Goya to Tony Cragg and Katharina Grosse &#8211; including Corot, Bonnard, Matisse, and L\u00e9ger, bearing witness to the significant and complex developments in the history of collecting over the past century.<\/p>\n\n\n\n<p>Ranked among Germany\u2019s most significant private collections, The Scharf Collection spans from Goya to Realism, through Impressionism, Cubism, and contemporary art. Its history is a family legacy spanning generations: it originated from Otto Gerstenberg\u2019s famous Berlin collection, which focused on the pioneers of Modernism and the French avant-garde. His daughter, Margarethe Scharf, managed to save the core of the collection during World War II. Her grandsons, Walther and Dieter Scharf, each developed a separate branch of the collection. Dieter\u2019s collection, which focuses on Surrealism, has been on permanent loan to The Scharf-Gerstenberg Collection in Charlottenburg since 2008.<\/p>\n\n\n\n<p>Walther Scharf, his wife Eve, and their son Ren\u00e9 expanded the French section of the collection with works by Monet, C\u00e9zanne, Matisse, and Picasso. Today, Ren\u00e9 Scharf and his wife Christiane Scharf carry on the tradition into the present by collecting modern and contemporary art (including works by Sam Francis, Sean Scully, Daniel Richter, and Katharina Grosse), with a focus on the evolution of painting and the dialogue between figurative and abstract art.<\/p>\n<\/div><\/div>\n","protected":false},"featured_media":111944,"template":"","categories":[28,29],"theme":[143],"place":[142],"target":[],"sala":[161,180],"categoria_speciale":[],"class_list":["post-112182","mostra","type-mostra","status-publish","has-post-thumbnail","hentry","category-art","category-mostra-en","theme-art","place-palazzo-ducale-en","sala-arcade","sala-sottoporticato-2"],"acf":[],"yoast_head":"<!-- This site is optimized with the Yoast SEO plugin v26.0 - https:\/\/yoast.com\/wordpress\/plugins\/seo\/ -->\n<title>Renoir, Monet, Toulouse-Lautrec, C\u00e9zanne - exhibition<\/title>\n<meta name=\"robots\" content=\"index, follow, max-snippet:-1, max-image-preview:large, max-video-preview:-1\" \/>\n<link rel=\"canonical\" href=\"https:\/\/palazzoducale.genova.it\/en\/mostra\/renoir-monet-toulouse-lautrec-cezanne\/\" \/>\n<meta property=\"og:locale\" content=\"en_US\" \/>\n<meta property=\"og:type\" content=\"article\" \/>\n<meta property=\"og:title\" content=\"Renoir, Monet, Toulouse-Lautrec, C\u00e9zanne - exhibition\" \/>\n<meta property=\"og:description\" content=\"200 Years of Art from The Scharf Collection The Palazzo Ducale in Genoa announces its upcoming exhibition season: \u201cRenoir, Monet, Toulouse-Lautrec, C\u00e9zanne &#8211; 200 Years of Art from The Scharf Collection,\u201d running from October 16, 2026, to May 2, 2027, will bring over 140 masterpieces to Italy for the first time, from a collection that &hellip; Continue\" \/>\n<meta property=\"og:url\" content=\"https:\/\/palazzoducale.genova.it\/en\/mostra\/renoir-monet-toulouse-lautrec-cezanne\/\" \/>\n<meta property=\"article:modified_time\" content=\"2026-09-02T12:58:32+00:00\" \/>\n<meta property=\"og:image\" content=\"https:\/\/palazzoducale.genova.it\/wp-content\/uploads\/renoir_scharf_500.jpg\" \/>\n\t<meta property=\"og:image:width\" content=\"500\" \/>\n\t<meta property=\"og:image:height\" content=\"500\" \/>\n\t<meta property=\"og:image:type\" content=\"image\/jpeg\" \/>\n<meta name=\"twitter:card\" content=\"summary_large_image\" \/>\n<meta name=\"twitter:label1\" content=\"Est. reading time\" \/>\n\t<meta name=\"twitter:data1\" content=\"2 minutes\" \/>\n<script type=\"application\/ld+json\" class=\"yoast-schema-graph\">{\"@context\":\"https:\/\/schema.org\",\"@graph\":[{\"@type\":\"WebPage\",\"@id\":\"https:\/\/palazzoducale.genova.it\/en\/mostra\/renoir-monet-toulouse-lautrec-cezanne\/\",\"url\":\"https:\/\/palazzoducale.genova.it\/en\/mostra\/renoir-monet-toulouse-lautrec-cezanne\/\",\"name\":\"Renoir, Monet, Toulouse-Lautrec, C\u00e9zanne - exhibition\",\"isPartOf\":{\"@id\":\"https:\/\/palazzoducale.genova.it\/#website\"},\"primaryImageOfPage\":{\"@id\":\"https:\/\/palazzoducale.genova.it\/en\/mostra\/renoir-monet-toulouse-lautrec-cezanne\/#primaryimage\"},\"image\":{\"@id\":\"https:\/\/palazzoducale.genova.it\/en\/mostra\/renoir-monet-toulouse-lautrec-cezanne\/#primaryimage\"},\"thumbnailUrl\":\"https:\/\/palazzoducale.genova.it\/wp-content\/uploads\/renoir_scharf_500.jpg\",\"datePublished\":\"2026-09-02T12:58:31+00:00\",\"dateModified\":\"2026-09-02T12:58:32+00:00\",\"breadcrumb\":{\"@id\":\"https:\/\/palazzoducale.genova.it\/en\/mostra\/renoir-monet-toulouse-lautrec-cezanne\/#breadcrumb\"},\"inLanguage\":\"en-US\",\"potentialAction\":[{\"@type\":\"ReadAction\",\"target\":[\"https:\/\/palazzoducale.genova.it\/en\/mostra\/renoir-monet-toulouse-lautrec-cezanne\/\"]}]},{\"@type\":\"ImageObject\",\"inLanguage\":\"en-US\",\"@id\":\"https:\/\/palazzoducale.genova.it\/en\/mostra\/renoir-monet-toulouse-lautrec-cezanne\/#primaryimage\",\"url\":\"https:\/\/palazzoducale.genova.it\/wp-content\/uploads\/renoir_scharf_500.jpg\",\"contentUrl\":\"https:\/\/palazzoducale.genova.it\/wp-content\/uploads\/renoir_scharf_500.jpg\",\"width\":500,\"height\":500,\"caption\":\"Pierre-Auguste Renoir Paesaggio fluviale con bagnanti 1885 ca. Olio su tela The Scharf Collection\"},{\"@type\":\"BreadcrumbList\",\"@id\":\"https:\/\/palazzoducale.genova.it\/en\/mostra\/renoir-monet-toulouse-lautrec-cezanne\/#breadcrumb\",\"itemListElement\":[{\"@type\":\"ListItem\",\"position\":1,\"name\":\"Home\",\"item\":\"https:\/\/palazzoducale.genova.it\/en\/\"},{\"@type\":\"ListItem\",\"position\":2,\"name\":\"Renoir, Monet, Toulouse-Lautrec, C\u00e9zanne\"}]},{\"@type\":\"WebSite\",\"@id\":\"https:\/\/palazzoducale.genova.it\/#website\",\"url\":\"https:\/\/palazzoducale.genova.it\/\",\"name\":\"Fondazione Palazzo Ducale\",\"description\":\"\",\"potentialAction\":[{\"@type\":\"SearchAction\",\"target\":{\"@type\":\"EntryPoint\",\"urlTemplate\":\"https:\/\/palazzoducale.genova.it\/?s={search_term_string}\"},\"query-input\":{\"@type\":\"PropertyValueSpecification\",\"valueRequired\":true,\"valueName\":\"search_term_string\"}}],\"inLanguage\":\"en-US\"}]}<\/script>\n<!-- \/ Yoast SEO plugin. -->","yoast_head_json":{"title":"Renoir, Monet, Toulouse-Lautrec, C\u00e9zanne - exhibition","robots":{"index":"index","follow":"follow","max-snippet":"max-snippet:-1","max-image-preview":"max-image-preview:large","max-video-preview":"max-video-preview:-1"},"canonical":"https:\/\/palazzoducale.genova.it\/en\/mostra\/renoir-monet-toulouse-lautrec-cezanne\/","og_locale":"en_US","og_type":"article","og_title":"Renoir, Monet, Toulouse-Lautrec, C\u00e9zanne - exhibition","og_description":"200 Years of Art from The Scharf Collection The Palazzo Ducale in Genoa announces its upcoming exhibition season: \u201cRenoir, Monet, Toulouse-Lautrec, C\u00e9zanne &#8211; 200 Years of Art from The Scharf Collection,\u201d running from October 16, 2026, to May 2, 2027, will bring over 140 masterpieces to Italy for the first time, from a collection that &hellip; Continue","og_url":"https:\/\/palazzoducale.genova.it\/en\/mostra\/renoir-monet-toulouse-lautrec-cezanne\/","article_modified_time":"2026-09-02T12:58:32+00:00","og_image":[{"width":500,"height":500,"url":"https:\/\/palazzoducale.genova.it\/wp-content\/uploads\/renoir_scharf_500.jpg","type":"image\/jpeg"}],"twitter_card":"summary_large_image","twitter_misc":{"Est. reading time":"2 minutes"},"schema":{"@context":"https:\/\/schema.org","@graph":[{"@type":"WebPage","@id":"https:\/\/palazzoducale.genova.it\/en\/mostra\/renoir-monet-toulouse-lautrec-cezanne\/","url":"https:\/\/palazzoducale.genova.it\/en\/mostra\/renoir-monet-toulouse-lautrec-cezanne\/","name":"Renoir, Monet, Toulouse-Lautrec, C\u00e9zanne - exhibition","isPartOf":{"@id":"https:\/\/palazzoducale.genova.it\/#website"},"primaryImageOfPage":{"@id":"https:\/\/palazzoducale.genova.it\/en\/mostra\/renoir-monet-toulouse-lautrec-cezanne\/#primaryimage"},"image":{"@id":"https:\/\/palazzoducale.genova.it\/en\/mostra\/renoir-monet-toulouse-lautrec-cezanne\/#primaryimage"},"thumbnailUrl":"https:\/\/palazzoducale.genova.it\/wp-content\/uploads\/renoir_scharf_500.jpg","datePublished":"2026-09-02T12:58:31+00:00","dateModified":"2026-09-02T12:58:32+00:00","breadcrumb":{"@id":"https:\/\/palazzoducale.genova.it\/en\/mostra\/renoir-monet-toulouse-lautrec-cezanne\/#breadcrumb"},"inLanguage":"en-US","potentialAction":[{"@type":"ReadAction","target":["https:\/\/palazzoducale.genova.it\/en\/mostra\/renoir-monet-toulouse-lautrec-cezanne\/"]}]},{"@type":"ImageObject","inLanguage":"en-US","@id":"https:\/\/palazzoducale.genova.it\/en\/mostra\/renoir-monet-toulouse-lautrec-cezanne\/#primaryimage","url":"https:\/\/palazzoducale.genova.it\/wp-content\/uploads\/renoir_scharf_500.jpg","contentUrl":"https:\/\/palazzoducale.genova.it\/wp-content\/uploads\/renoir_scharf_500.jpg","width":500,"height":500,"caption":"Pierre-Auguste Renoir Paesaggio fluviale con bagnanti 1885 ca. Olio su tela The Scharf Collection"},{"@type":"BreadcrumbList","@id":"https:\/\/palazzoducale.genova.it\/en\/mostra\/renoir-monet-toulouse-lautrec-cezanne\/#breadcrumb","itemListElement":[{"@type":"ListItem","position":1,"name":"Home","item":"https:\/\/palazzoducale.genova.it\/en\/"},{"@type":"ListItem","position":2,"name":"Renoir, Monet, Toulouse-Lautrec, C\u00e9zanne"}]},{"@type":"WebSite","@id":"https:\/\/palazzoducale.genova.it\/#website","url":"https:\/\/palazzoducale.genova.it\/","name":"Fondazione Palazzo Ducale","description":"","potentialAction":[{"@type":"SearchAction","target":{"@type":"EntryPoint","urlTemplate":"https:\/\/palazzoducale.genova.it\/?s={search_term_string}"},"query-input":{"@type":"PropertyValueSpecification","valueRequired":true,"valueName":"search_term_string"}}],"inLanguage":"en-US"}]}},"_links":{"self":[{"href":"https:\/\/palazzoducale.genova.it\/en\/wp-json\/wp\/v2\/mostra\/112182","targetHints":{"allow":["GET"]}}],"collection":[{"href":"https:\/\/palazzoducale.genova.it\/en\/wp-json\/wp\/v2\/mostra"}],"about":[{"href":"https:\/\/palazzoducale.genova.it\/en\/wp-json\/wp\/v2\/types\/mostra"}],"wp:featuredmedia":[{"embeddable":true,"href":"https:\/\/palazzoducale.genova.it\/en\/wp-json\/wp\/v2\/media\/111944"}],"wp:attachment":[{"href":"https:\/\/palazzoducale.genova.it\/en\/wp-json\/wp\/v2\/media?parent=112182"}],"wp:term":[{"taxonomy":"category","embeddable":true,"href":"https:\/\/palazzoducale.genova.it\/en\/wp-json\/wp\/v2\/categories?post=112182"},{"taxonomy":"theme","embeddable":true,"href":"https:\/\/palazzoducale.genova.it\/en\/wp-json\/wp\/v2\/theme?post=112182"},{"taxonomy":"place","embeddable":true,"href":"https:\/\/palazzoducale.genova.it\/en\/wp-json\/wp\/v2\/place?post=112182"},{"taxonomy":"target","embeddable":true,"href":"https:\/\/palazzoducale.genova.it\/en\/wp-json\/wp\/v2\/target?post=112182"},{"taxonomy":"sala","embeddable":true,"href":"https:\/\/palazzoducale.genova.it\/en\/wp-json\/wp\/v2\/sala?post=112182"},{"taxonomy":"categoria_speciale","embeddable":true,"href":"https:\/\/palazzoducale.genova.it\/en\/wp-json\/wp\/v2\/categoria_speciale?post=112182"}],"curies":[{"name":"wp","href":"https:\/\/api.w.org\/{rel}","templated":true}]}}

Renoir, Monet, Toulouse-Lautrec, Cézanne

<div class="wp-block-group alignwide py-3"><div class="wp-block-group__inner-container is-layout-constrained wp-block-group-is-layout-constrained">
<h2 class="wp-block-heading">200 Years of Art from The Scharf Collection</h2>



<p>The Palazzo Ducale in Genoa announces its upcoming exhibition season: “Renoir, Monet, Toulouse-Lautrec, Cézanne &#8211; 200 Years of Art from The Scharf Collection,” running from October 16, 2026, to May 2, 2027, will bring over 140 masterpieces to Italy for the first time, from a collection that has long remained private.</p>



<p>Thanks to a collaboration with The Scharf Collection and MondoMostre, the Palazzo Ducale Foundation in Genoa will be able to offer its visitors a journey through two centuries of art history, through a selection of works curated by the director of the Genoese institution, Ilaria Bonacossa: in addition to the masters mentioned in the exhibition’s title, works ranging from Goya to Tony Cragg and Katharina Grosse &#8211; including Corot, Bonnard, Matisse, and Léger, bearing witness to the significant and complex developments in the history of collecting over the past century.</p>



<p>Ranked among Germany’s most significant private collections, The Scharf Collection spans from Goya to Realism, through Impressionism, Cubism, and contemporary art. Its history is a family legacy spanning generations: it originated from Otto Gerstenberg’s famous Berlin collection, which focused on the pioneers of Modernism and the French avant-garde. His daughter, Margarethe Scharf, managed to save the core of the collection during World War II. Her grandsons, Walther and Dieter Scharf, each developed a separate branch of the collection. Dieter’s collection, which focuses on Surrealism, has been on permanent loan to The Scharf-Gerstenberg Collection in Charlottenburg since 2008.</p>



<p>Walther Scharf, his wife Eve, and their son René expanded the French section of the collection with works by Monet, Cézanne, Matisse, and Picasso. Today, René Scharf and his wife Christiane Scharf carry on the tradition into the present by collecting modern and contemporary art (including works by Sam Francis, Sean Scully, Daniel Richter, and Katharina Grosse), with a focus on the evolution of painting and the dialogue between figurative and abstract art.</p>
</div></div>

<!-- This site is optimized with the Yoast SEO plugin v26.0 - https://yoast.com/wordpress/plugins/seo/ -->
<title>Renoir, Monet, Toulouse-Lautrec, Cézanne - exhibition</title>
<meta name="robots" content="index, follow, max-snippet:-1, max-image-preview:large, max-video-preview:-1" />
<link rel="canonical" href="https://palazzoducale.genova.it/en/mostra/renoir-monet-toulouse-lautrec-cezanne/" />
<meta property="og:locale" content="en_US" />
<meta property="og:type" content="article" />
<meta property="og:title" content="Renoir, Monet, Toulouse-Lautrec, Cézanne - exhibition" />
<meta property="og:description" content="200 Years of Art from The Scharf Collection The Palazzo Ducale in Genoa announces its upcoming exhibition season: “Renoir, Monet, Toulouse-Lautrec, Cézanne &#8211; 200 Years of Art from The Scharf Collection,” running from October 16, 2026, to May 2, 2027, will bring over 140 masterpieces to Italy for the first time, from a collection that &hellip; Continue" />
<meta property="og:url" content="https://palazzoducale.genova.it/en/mostra/renoir-monet-toulouse-lautrec-cezanne/" />
<meta property="article:modified_time" content="2026-09-02T12:58:32+00:00" />
<meta property="og:image" content="https://palazzoducale.genova.it/wp-content/uploads/renoir_scharf_500.jpg" />
	<meta property="og:image:width" content="500" />
	<meta property="og:image:height" content="500" />
	<meta property="og:image:type" content="image/jpeg" />
<meta name="twitter:card" content="summary_large_image" />
<meta name="twitter:label1" content="Est. reading time" />
	<meta name="twitter:data1" content="2 minutes" />
<script type="application/ld+json" class="yoast-schema-graph">{"@context":"https://schema.org","@graph":[{"@type":"WebPage","@id":"https://palazzoducale.genova.it/en/mostra/renoir-monet-toulouse-lautrec-cezanne/","url":"https://palazzoducale.genova.it/en/mostra/renoir-monet-toulouse-lautrec-cezanne/","name":"Renoir, Monet, Toulouse-Lautrec, Cézanne - exhibition","isPartOf":{"@id":"https://palazzoducale.genova.it/#website"},"primaryImageOfPage":{"@id":"https://palazzoducale.genova.it/en/mostra/renoir-monet-toulouse-lautrec-cezanne/#primaryimage"},"image":{"@id":"https://palazzoducale.genova.it/en/mostra/renoir-monet-toulouse-lautrec-cezanne/#primaryimage"},"thumbnailUrl":"https://palazzoducale.genova.it/wp-content/uploads/renoir_scharf_500.jpg","datePublished":"2026-09-02T12:58:31+00:00","dateModified":"2026-09-02T12:58:32+00:00","breadcrumb":{"@id":"https://palazzoducale.genova.it/en/mostra/renoir-monet-toulouse-lautrec-cezanne/#breadcrumb"},"inLanguage":"en-US","potentialAction":[{"@type":"ReadAction","target":["https://palazzoducale.genova.it/en/mostra/renoir-monet-toulouse-lautrec-cezanne/"]}]},{"@type":"ImageObject","inLanguage":"en-US","@id":"https://palazzoducale.genova.it/en/mostra/renoir-monet-toulouse-lautrec-cezanne/#primaryimage","url":"https://palazzoducale.genova.it/wp-content/uploads/renoir_scharf_500.jpg","contentUrl":"https://palazzoducale.genova.it/wp-content/uploads/renoir_scharf_500.jpg","width":500,"height":500,"caption":"Pierre-Auguste Renoir Paesaggio fluviale con bagnanti 1885 ca. Olio su tela The Scharf Collection"},{"@type":"BreadcrumbList","@id":"https://palazzoducale.genova.it/en/mostra/renoir-monet-toulouse-lautrec-cezanne/#breadcrumb","itemListElement":[{"@type":"ListItem","position":1,"name":"Home","item":"https://palazzoducale.genova.it/en/"},{"@type":"ListItem","position":2,"name":"Renoir, Monet, Toulouse-Lautrec, Cézanne"}]},{"@type":"WebSite","@id":"https://palazzoducale.genova.it/#website","url":"https://palazzoducale.genova.it/","name":"Fondazione Palazzo Ducale","description":"","potentialAction":[{"@type":"SearchAction","target":{"@type":"EntryPoint","urlTemplate":"https://palazzoducale.genova.it/?s={search_term_string}"},"query-input":{"@type":"PropertyValueSpecification","valueRequired":true,"valueName":"search_term_string"}}],"inLanguage":"en-US"}]}</script>
<!-- / Yoast SEO plugin. -->

Renoir, Monet, Toulouse-Lautrec, Cézanne - exhibition

200 Years of Art from The Scharf Collection The Palazzo Ducale in Genoa announces its upcoming exhibition season: “Renoir, Monet, Toulouse-Lautrec, Cézanne &#8211; 200 Years of Art from The Scharf Collection,” running from October 16, 2026, to May 2, 2027, will bring over 140 masterpieces to Italy for the first time, from a collection that &hellip; Continue
