{"id":105991,"date":"2025-06-16T09:48:36","date_gmt":"2025-06-16T07:48:36","guid":{"rendered":"https:\/\/palazzoducale.genova.it\/?post_type=mostra&#038;p=101939"},"modified":"2025-11-27T15:49:42","modified_gmt":"2025-11-27T14:49:42","slug":"the-other-direction-franziska-greber-e-laura-sicignano","status":"publish","type":"mostra","link":"https:\/\/palazzoducale.genova.it\/en\/mostra\/the-other-direction-franziska-greber-e-laura-sicignano\/","title":{"rendered":"THE OTHER DIRECTION Franziska Greber and Laura Sicignano"},"content":{"rendered":"\n<div class=\"wp-block-group alignwide py-3\"><div class=\"wp-block-group__inner-container is-layout-constrained wp-block-group-is-layout-constrained\">\n<h2 class=\"wp-block-heading\">From June 27 to July 13 2025, Munizioniere<\/h2>\n\n\n\n<h3 class=\"wp-block-heading\">An international, transdisciplinary, and participatory art project<\/h3>\n\n\n\n<p>The global debate about the direction we are heading in\u2014the right, the wrong, the same, or lost direction\u2014has become an existential question that resonates in the smallest aspects of life.<br>THE OTHER DIRECTION explores this issue through the journeys of passengers on Genoa\u2019s No. 1 bus, through neighborhoods from the center to the suburbs, focusing on the untold stories of women commuters. The project aims to transform their everyday experiences into an opportunity for their voices to be heard.<br>THE OTHER DIRECTION delves into societal, political, cultural, and gender dynamics, promoting a critical perspective on listening, trusting, and breaking down barriers between strangers.<br>It is an invitation to confront prejudice, reconsider choices, and reflect on what we center and what we overlook, highlighting the transformative power of dialogue in shared existence.<\/p>\n\n\n\n<hr class=\"wp-block-separator has-alpha-channel-opacity\"\/>\n\n\n\n<h4 class=\"wp-block-heading\">Curated by Franziska Greber and Laura Sicignano<\/h4>\n\n\n\n<h4 class=\"wp-block-heading\">In collaboration with Palazzo Ducale Fondazione per la Cultura, AMT Azienda Mobilit\u00e0 e Trasporti, Accademia Ligustica di Belle Arti di Genova, Conservatorio Niccol\u00f2 Paganini and Centro Studi Med\u00ed<\/h4>\n\n\n\n<hr class=\"wp-block-separator has-alpha-channel-opacity\"\/>\n\n\n\n<p>Free admission<br>Open Monday to Friday, 3 PM \u2013 7 PM<br>Saturday and Sunday, 10 AM \u2013 6 PM<\/p>\n\n\n\n<div style=\"height:100px\" aria-hidden=\"true\" class=\"wp-block-spacer\"><\/div>\n<\/div><\/div>\n","protected":false},"featured_media":101988,"template":"","categories":[22,23],"theme":[],"place":[],"target":[],"sala":[],"categoria_speciale":[],"class_list":["post-105991","mostra","type-mostra","status-publish","has-post-thumbnail","hentry","category-arte","category-mostra"],"acf":[],"yoast_head":"<!-- This site is optimized with the Yoast SEO plugin v26.0 - https:\/\/yoast.com\/wordpress\/plugins\/seo\/ -->\n<title>THE OTHER DIRECTION Franziska Greber and Laura Sicignano -<\/title>\n<meta name=\"robots\" content=\"index, follow, max-snippet:-1, max-image-preview:large, max-video-preview:-1\" \/>\n<link rel=\"canonical\" href=\"https:\/\/palazzoducale.genova.it\/en\/mostra\/the-other-direction-franziska-greber-e-laura-sicignano\/\" \/>\n<meta property=\"og:locale\" content=\"en_US\" \/>\n<meta property=\"og:type\" content=\"article\" \/>\n<meta property=\"og:title\" content=\"THE OTHER DIRECTION Franziska Greber and Laura Sicignano -\" \/>\n<meta property=\"og:description\" content=\"From June 27 to July 13 2025, Munizioniere An international, transdisciplinary, and participatory art project The global debate about the direction we are heading in\u2014the right, the wrong, the same, or lost direction\u2014has become an existential question that resonates in the smallest aspects of life.THE OTHER DIRECTION explores this issue through the journeys of passengers &hellip; Continue\" \/>\n<meta property=\"og:url\" content=\"https:\/\/palazzoducale.genova.it\/en\/mostra\/the-other-direction-franziska-greber-e-laura-sicignano\/\" \/>\n<meta property=\"article:modified_time\" content=\"2025-11-27T14:49:42+00:00\" \/>\n<meta property=\"og:image\" content=\"https:\/\/palazzoducale.genova.it\/wp-content\/uploads\/TOD_FG-1-1024x800.png\" \/>\n\t<meta property=\"og:image:width\" content=\"1024\" \/>\n\t<meta property=\"og:image:height\" content=\"800\" \/>\n\t<meta property=\"og:image:type\" content=\"image\/png\" \/>\n<meta name=\"twitter:card\" content=\"summary_large_image\" \/>\n<meta name=\"twitter:label1\" content=\"Est. reading time\" \/>\n\t<meta name=\"twitter:data1\" content=\"2 minutes\" \/>\n<script type=\"application\/ld+json\" class=\"yoast-schema-graph\">{\"@context\":\"https:\/\/schema.org\",\"@graph\":[{\"@type\":\"WebPage\",\"@id\":\"https:\/\/palazzoducale.genova.it\/en\/mostra\/the-other-direction-franziska-greber-e-laura-sicignano\/\",\"url\":\"https:\/\/palazzoducale.genova.it\/en\/mostra\/the-other-direction-franziska-greber-e-laura-sicignano\/\",\"name\":\"THE OTHER DIRECTION Franziska Greber and Laura Sicignano -\",\"isPartOf\":{\"@id\":\"https:\/\/palazzoducale.genova.it\/#website\"},\"primaryImageOfPage\":{\"@id\":\"https:\/\/palazzoducale.genova.it\/en\/mostra\/the-other-direction-franziska-greber-e-laura-sicignano\/#primaryimage\"},\"image\":{\"@id\":\"https:\/\/palazzoducale.genova.it\/en\/mostra\/the-other-direction-franziska-greber-e-laura-sicignano\/#primaryimage\"},\"thumbnailUrl\":\"https:\/\/palazzoducale.genova.it\/wp-content\/uploads\/TOD_FG-1.png\",\"datePublished\":\"2025-06-16T07:48:36+00:00\",\"dateModified\":\"2025-11-27T14:49:42+00:00\",\"breadcrumb\":{\"@id\":\"https:\/\/palazzoducale.genova.it\/en\/mostra\/the-other-direction-franziska-greber-e-laura-sicignano\/#breadcrumb\"},\"inLanguage\":\"en-US\",\"potentialAction\":[{\"@type\":\"ReadAction\",\"target\":[\"https:\/\/palazzoducale.genova.it\/en\/mostra\/the-other-direction-franziska-greber-e-laura-sicignano\/\"]}]},{\"@type\":\"ImageObject\",\"inLanguage\":\"en-US\",\"@id\":\"https:\/\/palazzoducale.genova.it\/en\/mostra\/the-other-direction-franziska-greber-e-laura-sicignano\/#primaryimage\",\"url\":\"https:\/\/palazzoducale.genova.it\/wp-content\/uploads\/TOD_FG-1.png\",\"contentUrl\":\"https:\/\/palazzoducale.genova.it\/wp-content\/uploads\/TOD_FG-1.png\",\"width\":1024,\"height\":1536},{\"@type\":\"BreadcrumbList\",\"@id\":\"https:\/\/palazzoducale.genova.it\/en\/mostra\/the-other-direction-franziska-greber-e-laura-sicignano\/#breadcrumb\",\"itemListElement\":[{\"@type\":\"ListItem\",\"position\":1,\"name\":\"Home\",\"item\":\"https:\/\/palazzoducale.genova.it\/en\/\"},{\"@type\":\"ListItem\",\"position\":2,\"name\":\"THE OTHER DIRECTION Franziska Greber and Laura Sicignano\"}]},{\"@type\":\"WebSite\",\"@id\":\"https:\/\/palazzoducale.genova.it\/#website\",\"url\":\"https:\/\/palazzoducale.genova.it\/\",\"name\":\"Fondazione Palazzo Ducale\",\"description\":\"\",\"potentialAction\":[{\"@type\":\"SearchAction\",\"target\":{\"@type\":\"EntryPoint\",\"urlTemplate\":\"https:\/\/palazzoducale.genova.it\/?s={search_term_string}\"},\"query-input\":{\"@type\":\"PropertyValueSpecification\",\"valueRequired\":true,\"valueName\":\"search_term_string\"}}],\"inLanguage\":\"en-US\"}]}<\/script>\n<!-- \/ Yoast SEO plugin. -->","yoast_head_json":{"title":"THE OTHER DIRECTION Franziska Greber and Laura Sicignano -","robots":{"index":"index","follow":"follow","max-snippet":"max-snippet:-1","max-image-preview":"max-image-preview:large","max-video-preview":"max-video-preview:-1"},"canonical":"https:\/\/palazzoducale.genova.it\/en\/mostra\/the-other-direction-franziska-greber-e-laura-sicignano\/","og_locale":"en_US","og_type":"article","og_title":"THE OTHER DIRECTION Franziska Greber and Laura Sicignano -","og_description":"From June 27 to July 13 2025, Munizioniere An international, transdisciplinary, and participatory art project The global debate about the direction we are heading in\u2014the right, the wrong, the same, or lost direction\u2014has become an existential question that resonates in the smallest aspects of life.THE OTHER DIRECTION explores this issue through the journeys of passengers &hellip; Continue","og_url":"https:\/\/palazzoducale.genova.it\/en\/mostra\/the-other-direction-franziska-greber-e-laura-sicignano\/","article_modified_time":"2025-11-27T14:49:42+00:00","og_image":[{"width":1024,"height":800,"url":"https:\/\/palazzoducale.genova.it\/wp-content\/uploads\/TOD_FG-1-1024x800.png","type":"image\/png"}],"twitter_card":"summary_large_image","twitter_misc":{"Est. reading time":"2 minutes"},"schema":{"@context":"https:\/\/schema.org","@graph":[{"@type":"WebPage","@id":"https:\/\/palazzoducale.genova.it\/en\/mostra\/the-other-direction-franziska-greber-e-laura-sicignano\/","url":"https:\/\/palazzoducale.genova.it\/en\/mostra\/the-other-direction-franziska-greber-e-laura-sicignano\/","name":"THE OTHER DIRECTION Franziska Greber and Laura Sicignano -","isPartOf":{"@id":"https:\/\/palazzoducale.genova.it\/#website"},"primaryImageOfPage":{"@id":"https:\/\/palazzoducale.genova.it\/en\/mostra\/the-other-direction-franziska-greber-e-laura-sicignano\/#primaryimage"},"image":{"@id":"https:\/\/palazzoducale.genova.it\/en\/mostra\/the-other-direction-franziska-greber-e-laura-sicignano\/#primaryimage"},"thumbnailUrl":"https:\/\/palazzoducale.genova.it\/wp-content\/uploads\/TOD_FG-1.png","datePublished":"2025-06-16T07:48:36+00:00","dateModified":"2025-11-27T14:49:42+00:00","breadcrumb":{"@id":"https:\/\/palazzoducale.genova.it\/en\/mostra\/the-other-direction-franziska-greber-e-laura-sicignano\/#breadcrumb"},"inLanguage":"en-US","potentialAction":[{"@type":"ReadAction","target":["https:\/\/palazzoducale.genova.it\/en\/mostra\/the-other-direction-franziska-greber-e-laura-sicignano\/"]}]},{"@type":"ImageObject","inLanguage":"en-US","@id":"https:\/\/palazzoducale.genova.it\/en\/mostra\/the-other-direction-franziska-greber-e-laura-sicignano\/#primaryimage","url":"https:\/\/palazzoducale.genova.it\/wp-content\/uploads\/TOD_FG-1.png","contentUrl":"https:\/\/palazzoducale.genova.it\/wp-content\/uploads\/TOD_FG-1.png","width":1024,"height":1536},{"@type":"BreadcrumbList","@id":"https:\/\/palazzoducale.genova.it\/en\/mostra\/the-other-direction-franziska-greber-e-laura-sicignano\/#breadcrumb","itemListElement":[{"@type":"ListItem","position":1,"name":"Home","item":"https:\/\/palazzoducale.genova.it\/en\/"},{"@type":"ListItem","position":2,"name":"THE OTHER DIRECTION Franziska Greber and Laura Sicignano"}]},{"@type":"WebSite","@id":"https:\/\/palazzoducale.genova.it\/#website","url":"https:\/\/palazzoducale.genova.it\/","name":"Fondazione Palazzo Ducale","description":"","potentialAction":[{"@type":"SearchAction","target":{"@type":"EntryPoint","urlTemplate":"https:\/\/palazzoducale.genova.it\/?s={search_term_string}"},"query-input":{"@type":"PropertyValueSpecification","valueRequired":true,"valueName":"search_term_string"}}],"inLanguage":"en-US"}]}},"_links":{"self":[{"href":"https:\/\/palazzoducale.genova.it\/en\/wp-json\/wp\/v2\/mostra\/105991","targetHints":{"allow":["GET"]}}],"collection":[{"href":"https:\/\/palazzoducale.genova.it\/en\/wp-json\/wp\/v2\/mostra"}],"about":[{"href":"https:\/\/palazzoducale.genova.it\/en\/wp-json\/wp\/v2\/types\/mostra"}],"wp:featuredmedia":[{"embeddable":true,"href":"https:\/\/palazzoducale.genova.it\/en\/wp-json\/wp\/v2\/media\/101988"}],"wp:attachment":[{"href":"https:\/\/palazzoducale.genova.it\/en\/wp-json\/wp\/v2\/media?parent=105991"}],"wp:term":[{"taxonomy":"category","embeddable":true,"href":"https:\/\/palazzoducale.genova.it\/en\/wp-json\/wp\/v2\/categories?post=105991"},{"taxonomy":"theme","embeddable":true,"href":"https:\/\/palazzoducale.genova.it\/en\/wp-json\/wp\/v2\/theme?post=105991"},{"taxonomy":"place","embeddable":true,"href":"https:\/\/palazzoducale.genova.it\/en\/wp-json\/wp\/v2\/place?post=105991"},{"taxonomy":"target","embeddable":true,"href":"https:\/\/palazzoducale.genova.it\/en\/wp-json\/wp\/v2\/target?post=105991"},{"taxonomy":"sala","embeddable":true,"href":"https:\/\/palazzoducale.genova.it\/en\/wp-json\/wp\/v2\/sala?post=105991"},{"taxonomy":"categoria_speciale","embeddable":true,"href":"https:\/\/palazzoducale.genova.it\/en\/wp-json\/wp\/v2\/categoria_speciale?post=105991"}],"curies":[{"name":"wp","href":"https:\/\/api.w.org\/{rel}","templated":true}]}}

<div class="wp-block-group alignwide py-3"><div class="wp-block-group__inner-container is-layout-constrained wp-block-group-is-layout-constrained">
<h2 class="wp-block-heading">From June 27 to July 13 2025, Munizioniere</h2>



<h3 class="wp-block-heading">An international, transdisciplinary, and participatory art project</h3>



<p>The global debate about the direction we are heading in—the right, the wrong, the same, or lost direction—has become an existential question that resonates in the smallest aspects of life.<br>THE OTHER DIRECTION explores this issue through the journeys of passengers on Genoa’s No. 1 bus, through neighborhoods from the center to the suburbs, focusing on the untold stories of women commuters. The project aims to transform their everyday experiences into an opportunity for their voices to be heard.<br>THE OTHER DIRECTION delves into societal, political, cultural, and gender dynamics, promoting a critical perspective on listening, trusting, and breaking down barriers between strangers.<br>It is an invitation to confront prejudice, reconsider choices, and reflect on what we center and what we overlook, highlighting the transformative power of dialogue in shared existence.</p>



<hr class="wp-block-separator has-alpha-channel-opacity"/>



<h4 class="wp-block-heading">Curated by Franziska Greber and Laura Sicignano</h4>



<h4 class="wp-block-heading">In collaboration with Palazzo Ducale Fondazione per la Cultura, AMT Azienda Mobilità e Trasporti, Accademia Ligustica di Belle Arti di Genova, Conservatorio Niccolò Paganini and Centro Studi Medí</h4>



<hr class="wp-block-separator has-alpha-channel-opacity"/>



<p>Free admission<br>Open Monday to Friday, 3 PM – 7 PM<br>Saturday and Sunday, 10 AM – 6 PM</p>



<div style="height:100px" aria-hidden="true" class="wp-block-spacer"></div>
</div></div>
